-2 + 102?
100
In base 16, what is 8 + -4?
4
In base 11, what is -4 - -35?
31
In base 5, what is 2 - -32?
34
In base 15, what is 0 - -2a0?
2a0
In base 16, what is -2d + 20?
-d
In base 16, what is -a7 - 4?
-ab
In base 14, what is 4 + 2d5d?
2d63
In base 10, what is 2909 + 2?
2911
In base 5, what is -4 - -414?
410
In base 10, what is 24 - 10?
14
In base 4, what is 120 - 2000?
-1220
In base 16, what is -4e + 1?
-4d
In base 9, what is -25 - 10?
-35
In base 3, what is 1122 - 22?
1100
In base 13, what is -185 + -3?
-188
In base 15, what is 5 - 45?
-40
In base 10, what is -34 - 4?
-38
In base 12, what is -226 - 4?
-22a
In base 7, what is -1 + -11625?
-11626
In base 16, what is 27 - 8?
1f
In base 2, what is 1001011 - -100011?
1101110
In base 12, what is -15b - 71?
-210
In base 10, what is 1 + 516?
517
In base 6, what is -3 + 420?
413
In base 11, what is 3 + 5222?
5225
In base 12, what is 4 - 18?
-14
In base 8, what is 30 + 23?
53
In base 15, what is -3 + -58?
-5b
In base 14, what is -5 + d?
8
In base 5, what is -12432 - -2?
-12430
In base 16, what is -267 + 5?
-262
In base 15, what is -3 - -6e?
6b
In base 16, what is 9ac - -1?
9ad
In base 13, what is 33 + -3?
30
In base 8, what is -127351 + -2?
-127353
In base 11, what is 1 - 1260?
-125a
In base 2, what is 11000 + -110?
10010
In base 9, what is 324 + -7?
316
In base 7, what is 4 - 230?
-223
In base 7, what is -200 - 544?
-1044
In base 2, what is 100100011 - -11?
100100110
In base 9, what is 22 - 0?
22
In base 3, what is 110 + -1110222?
-1110112
In base 9, what is -5 - -60?
54
In base 4, what is 12 + 223?
301
In base 12, what is 29 + -15?
14
In base 3, what is -10210 - 2?
-10212
In base 7, what is -2 + 122?
120
In base 11, what is 4 + -206?
-202
In base 6, what is -55 + 53?
-2
In base 7, what is -3 - -10620?
10614
In base 11, what is -2 + -3?
-5
In base 6, what is 4 + -41?
-33
In base 6, what is -5 + 153?
144
In base 13, what is -32 - 1?
-33
In base 10, what is 5 - -2706?
2711
In base 4, what is -11 + 2232?
2221
In base 10, what is -263 - 2?
-265
In base 11, what is -5 - -85?
80
In base 15, what is 29 - -184?
1ad
In base 9, what is -6 + 24?
17
In base 10, what is -15528 - 2?
-15530
In base 14, what is -138 - -d?
-129
In base 6, what is -253045 - -2?
-253043
In base 7, what is 2 + 204?
206
In base 9, what is 10264 - -2?
10266
In base 7, what is 243 - -5?
251
In base 10, what is -3 - 132?
-135
In base 2, what is -100 - 11010110000?
-11010110100
In base 2, what is 1100110001 + 101?
1100110110
In base 16, what is -e02 + 0?
-e02
In base 5, what is -1131303 + 4?
-1131244
In base 14, what is -4 - 17?
-1b
In base 14, what is -1d7 + c?
-1c9
In base 4, what is 3113 + -1?
3112
In base 7, what is -24 - 13?
-40
In base 11, what is -5 + 163?
159
In base 16, what is -70 + 2?
-6e
In base 15, what is -3 - -d0?
cc
In base 10, what is 49 - -107?
156
In base 10, what is 34 + -586?
-552
In base 5, what is -2 + 24?
22
In base 8, what is 6273 + 2?
6275
In base 11, what is 1 - 10a?
-109
In base 8, what is -5 + -42?
-47
In base 7, what is -11 - -65?
54
In base 8, what is -10 - 11?
-21
In base 8, what is -57 + -24?
-103
In base 3, what is 10222210 - 12?
10222121
In base 4, what is 11330 - 2?
11322
In base 5, what is -22 + 334?
312
In base 5, what is 420320 - 4?
420311
In base 13, what is -92 - -7?
-88
In base 16, what is -292 - -6?
-28c
In base 13, what is 2 + 0?
2
In base 15, what is c4 + -12?
b2
In base 11, what is 871 + -6?
866
In base 9, what is 132 + 1?
133
In base 9, what is 7 + -2177?
-2170
In base 10, what is -610 - 1?
-611
In base 8, what is 5 - 13?
-6
In base 9, what is -5255 - 2?
-5257
In base 6, what is -5330 + 1?
-5325
In base 7, what is -50 - 16?
-66
In base 16, what is 105 + 3?
108
In base 16, what is 0 + b98?
b98
In base 10, what is -362 - -2?
-360
In base 10, what is 3464 + -5?
3459
In base 4, what is -10111103 + 11?
-10111032
In base 9, what is -10 - 438?
-448
In base 14, what is -3dd + 3?
-3da
In base 9, what is 5 + -124?
-118
In base 13, what is c + -5?
7
In base 10, what is 10 - -27?
37
In base 9, what is -1257 - 4?
-1262
In base 10, what is 1332 - 10?
1322
In base 5, what is 13 + 12141?
12204
In base 4, what is 130 - -10323?
11113
In base 10, what is 5 + 28?
33
In base 12, what is 110 - 2?
10a
In base 14, what is 264 - -12?
276
In base 6, what is 45 - 0?
45
In base 5, what is -1 + -33142?
-33143
In base 3, what is 1222 + -12?
1210
In base 2, what is -11010101111000 + 100?
-11010101110100
In base 15, what is -2d6 - 5?
-2db
In base 2, what is 10001 - -1110100001?
1110110010
In base 2, what is -11 - -10010101?
10010010
In base 16, what is 4 + 4e?
52
In base 12, what is -2 - 113b?
-1141
In base 10, what is 1 - 258?
-257
In base 2, what is -101 + -100000001001?
-100000001110
In base 3, what is 12 + -1010000?
-1002211
In base 4, what is 2 - 2203?
-2201
In base 5, what is -44 + -2?
-101
In base 12, what is 171 - 1?
170
In base 2, what is 101000010 + -1001?
100111001
In base 15, what is -d5 + -5?
-da
In base 14, what is 1 + 114?
115
In base 2, what is 10 - 1000001100?
-1000001010
In base 5, what is -10 + -21040?
-21100
In base 11, what is 1 - -1774?
1775
In base 16, what is 160d + 1?
160e
In base 7, what is 140 + 14?
154
In base 3, what is -101 + 1222?
1121
In base 7, what is -516 + 0?
-516
In base 2, what is -11010 - 1011110?
-1111000
In base 14, what is 0 - 237d?
-237d
In base 11, what is 6 + 582?
588
In base 12, what is -6 + 0?
-6
In base 16, what is -2097 + -1?
-2098
In base 11, what is -256 + -4?
-25a
In base 16, what is -6e + -4?
-72
In base 15, what is 6 - -6c2?
6c8
In base 15, what is 0 - -74?
74
In base 14, what is -5b - 20?
-7b
In base 14, what is -18 - -b?
-b
In base 10, what is -11 - -27?
16
In base 5, what is -10 - 100?
-110
In base 12, what is 3 - -161?
164
In base 13, what is -5 + 2ca?
2c5
In base 15, what is 44b + 1?
44c
In base 7, what is 0 - 610?
-610
In base 6, what is 144 - -3?
151
In base 5, what is -3 - -414?
411
In base 7, what is -1 - -350?
346
In base 5, what is 30440 - -24?
31014
In base 8, what is -757 - 13?
-772
In base 12, what is -13 - 7?
-1a
In base 12, what is -7 - -18a?
183
In base 13, what is -5 + b0?
a8
In base 13, what is 10 + -11?
-1
In base 11, what is -2 + -37?
-39
In base 3, what is -12 - 112220?
-120002
In base 6, what is -53341 + -3?
-53344
In base 7, what is -61631 - -4?
-61624
In base 5, what is 11423 - -10?
11433
In base 10, what is 175 - 90?
85
In base 15, what is 0 + -5?
-5
In base 14, what is -4 + 965?
961
In base 16, what is 616 - 6?
610
In base 9, what is 4 + -151?
-146
In base 15, what is 0 + 29a?
29a
In base 6, what is -32 + -1012?
-1044
In base 3, what is 121 + 111?
1002
In base 9, what is -1 + -50?
-51
In base 4, what is -223 + 11223?
11000
In base 6, what is -35 - -20?
-15
In base 11, what is -20904 - 4?
-20908
In base 4, what is 2 - 33031?
-33023
In base 12, what is -469 + 1?
-468
In base 13, what is 1c18 + 3?
1c1b
In base 10, what is -271 - -10?
-261
In base 4, what is 23300 - -3?
23303
In base 3, what is -2 + 10022?
10020
In base 7, what is 2204 + 1?
2205
In base 10, what is 35 + -97?
-62
In base 14, what is 4b9 + 0?
4b9
In base 12, what is 37 + -a5?
-6a
In base 11, what is -257 + 5?
-252
In base 13, what is -a + -8?
-15
In base 7, what is 13 + -12?
1
In base 8, what is -2652 + -3?
-2655
In base 14, what is 0 + 21d7?
21d7
In base 12, what is -43 + 0?
-43
In base 3, what is 121200 - 1?
121122
In base 6, what is -354 + 2?
-352
In base 6, what is 102 - 2?
100
In base 12, what is -5 - 26?
-2b
In base 13, what is 10c - -19?
128
In base 16, what is -68a + -4?
-68e
In base 10, what is 15 - 57?
-42
In base 13, what is -7 + -19?
-23
In base 11, what is -61 - 26?
-87
In base 15, what is 252 + 5?
257
In base 7, what is -16 - -102?
53
In base 10, what is -22162 + 0?
-22162
In base 4, what is -3 - 12130?
-12133
In base 10, what is 85 - 7?
78
In base 3, what is 210021 + 0?
210021
In base 8, what is -10355 + -1?
-10356
In base 15, what is -39d - 5?
-3a3
In base 16, what is -2b + 47?
1c
In base 5, what is 420 - 32?
333
In base 10, what is 3942 + -1?
3941
In base 10, what is 2 + -10?
-8
In base 11, what is 377 + 1?
378
In base 12, what is -5 + 28a6?
28a1
In base 12, what is ba - 5?
b5
In base 15, what is -3 + -b92?
-b95
In base 2, what is -10 + -10111011111?
-10111100001